actors of 386377.
23, 107, 157
What are the prime factors of 751181?
751181
What are the prime factors of 9821125?
5, 78569
What are the prime factors of 37251949?
7, 109, 48823
What are the prime factors of 469232?
2, 29327
List the prime factors of 198486.
2, 3, 11027
What are the prime factors of 95077?
31, 3067
What are the prime factors of 166516?
2, 7, 19, 313
What are the prime factors of 3047346?
2, 3, 79, 2143
What are the prime factors of 111065?
5, 97, 229
What are the prime factors of 593139?
3, 197713
What are the prime factors of 1337140?
2, 5, 7, 9551
List the prime factors of 1314852.
2, 3, 7, 11, 1423
List the prime factors of 369588.
2, 3, 19, 1621
List the prime factors of 8947086.
2, 3, 97, 15373
List the prime factors of 70067.
70067
What are the prime factors of 445277?
7, 63611
List the prime factors of 599635.
5, 43, 2789
List the prime factors of 25584.
2, 3, 13, 41
List the prime factors of 412007.
412007
List the prime factors of 98704.
2, 31, 199
What are the prime factors of 3487539?
3, 11, 105683
List the prime factors of 2245282.
2, 13, 86357
What are the prime factors of 840971?
29, 47, 617
What are the prime factors of 5394855?
3, 5, 359657
What are the prime factors of 10146647?
7, 1449521
What are the prime factors of 494397?
3, 18311
List the prime factors of 5716426.
2, 37, 77249
List the prime factors of 4437179.
4437179
List the prime factors of 622433.
7, 88919
List the prime factors of 162338.
2, 11, 47, 157
What are the prime factors of 473949?
3, 7, 7523
What are the prime factors of 6764490?
2, 3, 5, 75161
What are the prime factors of 334286?
2, 19, 463
List the prime factors of 141230.
2, 5, 29, 487
What are the prime factors of 1763580?
2, 3, 5, 7, 13, 17, 19
List the prime factors of 1333923.
3, 444641
List the prime factors of 532521.
3, 11, 163
List the prime factors of 920764.
2, 13, 17707
What are the prime factors of 4356921?
3, 257, 5651
What are the prime factors of 240989?
7, 173, 199
List the prime factors of 5922262.
2, 19, 155849
What are the prime factors of 1499665?
5, 299933
List the prime factors of 1233244.
2, 308311
What are the prime factors of 15003295?
5, 29, 103471
What are the prime factors of 1206344?
2, 101, 1493
List the prime factors of 1019691.
3, 137, 827
What are the prime factors of 1490128?
2, 93133
List the prime factors of 3511661.
443, 7927
What are the prime factors of 98465?
5, 47, 419
What are the prime factors of 8175956?
2, 2043989
What are the prime factors of 1665050?
2, 5, 33301
What are the prime factors of 2757482?
2, 7, 13, 109, 139
List the prime factors of 1731930.
2, 3, 5, 57731
What are the prime factors of 850247?
850247
List the prime factors of 1222782.
2, 3, 11, 97, 191
List the prime factors of 967525.
5, 13, 229
List the prime factors of 10982017.
17, 23, 28087
What are the prime factors of 732246?
2, 3, 122041
What are the prime factors of 19343532?
2, 3, 13, 123997
What are the prime factors of 5310465?
3, 5, 354031
What are the prime factors of 211185?
3, 5, 13, 19
What are the prime factors of 315579?
3, 11, 73, 131
List the prime factors of 7214428.
2, 13, 138739
What are the prime factors of 305793?
3, 61, 557
List the prime factors of 386183.
7, 43, 1283
What are the prime factors of 11530676?
2, 41, 70309
List the prime factors of 4777429.
43, 111103
List the prime factors of 4450988.
2, 1112747
What are the prime factors of 18407164?
2, 613, 7507
What are the prime factors of 2375570?
2, 5, 19, 12503
List the prime factors of 8548856.
2, 317, 3371
List the prime factors of 118747.
118747
What are the prime factors of 35914?
2, 17957
What are the prime factors of 4358004?
2, 3, 7, 29, 1789
List the prime factors of 1229485.
5, 245897
List the prime factors of 18306329.
19, 963491
What are the prime factors of 857921?
461, 1861
What are the prime factors of 245490?
2, 3, 5, 7, 167
What are the prime factors of 6989895?
3, 5, 11, 523
List the prime factors of 13011024.
2, 3, 13, 29, 719
List the prime factors of 551635.
5, 7, 15761
What are the prime factors of 602239?
11, 53, 1033
List the prime factors of 4409433.
3, 7, 69991
List the prime factors of 8120832.
2, 3, 17, 311
List the prime factors of 187859.
7, 47, 571
What are the prime factors of 1842342?
2, 3, 199, 1543
List the prime factors of 125633.
73, 1721
List the prime factors of 292439.
7, 41777
What are the prime factors of 5804786?
2, 13, 17, 23, 571
What are the prime factors of 70644?
2, 3, 7, 29
List the prime factors of 32532524.
2, 1709, 4759
What are the prime factors of 78731?
131, 601
What are the prime factors of 233371?
233371
List the prime factors of 1736974.
2, 868487
List the prime factors of 511475.
5, 41, 499
What are the prime factors of 2878567?
31, 92857
What are the prime factors of 500371?
31, 16141
List the prime factors of 2233295.
5, 127, 3517
List the prime factors of 4722285.
3, 5, 83, 3793
What are the prime factors of 2171881?
2171881
List the prime factors of 2230402.
2, 23, 48487
What are the prime factors of 2114100?
2, 3, 5, 29
List the prime factors of 532054.
2, 266027
List the prime factors of 7525578.
2, 3, 37, 109, 311
What are the prime factors of 803707?
467, 1721
What are the prime factors of 510556?
2, 109, 1171
What are the prime factors of 174975?
3, 5, 2333
List the prime factors of 100421.
137, 733
What are the prime factors of 391514?
2, 19, 10303
List the prime factors of 1061560.
2, 5, 26539
List the prime factors of 15846015.
3, 5, 1056401
What are the prime factors of 1532173?
1532173
List the prime factors of 173073.
3, 31, 1861
What are the prime factors of 966744?
2, 3, 29, 463
What are the prime factors of 103110?
2, 3, 5, 7, 491
What are the prime factors of 241849?
73, 3313
List the prime factors of 334667.
334667
What are the prime factors of 416984?
2, 47, 1109
What are the prime factors of 274557?
3, 71, 1289
What are the prime factors of 665027?
11, 60457
List the prime factors of 7204.
2, 1801
What are the prime factors of 601680?
2, 3, 5, 23, 109
What are the prime factors of 896543?
896543
What are the prime factors of 13362?
2, 3, 17, 131
List the prime factors of 246554.
2, 7, 11, 1601
List the prime factors of 222937.
11, 13, 1559
What are the prime factors of 213215?
5, 42643
What are the prime factors of 1241599?
47, 26417
List the prime factors of 2206479.
3, 11, 66863
List the prime factors of 139920.
2, 3, 5, 11, 53
List the prime factors of 3387764.
2, 653, 1297
List the prime factors of 9577917.
3, 29, 36697
What are the prime factors of 483366?
2, 3, 13, 6197
What are the prime factors of 3087999?
3, 17, 20183
List the prime factors of 382653.
3, 17, 41, 61
What are the prime factors of 887357?
19, 46703
What are the prime factors of 7392953?
7392953
List the prime factors of 2276.
2, 569
What are the prime factors of 18549430?
2, 5, 1854943
What are the prime factors of 716320?
2, 5, 11, 37
List the prime factors of 2234857.
61, 36637
What are the prime factors of 4845466?
2, 71, 34123
What are the prime factors of 726058?
2, 73, 4973
List the prime factors of 459461.
263, 1747
List the prime factors of 11776504.
2, 19, 77477
List the prime factors of 5118896.
2, 319931
What are the prime factors of 365956?
2, 191, 479
What are the prime factors of 23140561?
2917, 7933
What are the prime factors of 4633454?
2, 7, 19, 17419
List the prime factors of 13236024.
2, 3, 61, 9041
What are the prime factors of 3055393?
11, 17, 16339
List the prime factors of 166093.
37, 67
List the prime factors of 6787913.
11, 17, 36299
List the prime factors of 404910.
2, 3, 5, 11, 409
What are the prime factors of 2592218?
2, 1296109
What are the prime factors of 289285?
5, 47, 1231
List the prime factors of 533040.
2, 3, 5, 2221
What are the prime factors of 354774?
2, 3, 7, 8447
List the prime factors of 1574345.
5, 499, 631
What are the prime factors of 5238538?
2, 379, 6911
List the prime factors of 5795339.
11, 251, 2099
What are the prime factors of 3505193?
103, 34031
List the prime factors of 2915253.
3, 11, 2677
What are the prime factors of 138004?
2, 34501
What are the prime factors of 24913140?
2, 3, 5, 7, 23, 2579
What are the prime factors of 314655?
3, 5, 11, 1907
List the prime factors of 2269051.
1